{"id":8023,"date":"2018-06-12T21:05:05","date_gmt":"2018-06-12T21:05:05","guid":{"rendered":"http:\/\/rotcaf.com.mx\/?page_id=8023"},"modified":"2023-07-29T18:01:48","modified_gmt":"2023-07-29T18:01:48","slug":"inicio","status":"publish","type":"page","link":"https:\/\/rotcaf.com.mx\/","title":{"rendered":"Inicio"},"content":{"rendered":"<h3 style=\"text-align: center;\"><strong>Rotcaf AP<\/strong> es un potente inmuno-estimulante que se obtiene a partir de Leucocitos Humanos. Los Leucocitos son las c\u00e9lulas del organismo responsables de los procesos de <strong>inmunidad<\/strong>, estas vigilan y previenen el desarrollo de micro-organismos y c\u00e9lulas aberrantes.<\/h3>\n<h3 style=\"text-align: center;\"><strong>ROTCAF AP<\/strong> es un modulador del Sistema Inmune el cual induce, modifica y normaliza la respuesta <strong>inmune<\/strong>; dependiendo del tipo de enfermedad y educa a nuestro sistema inmunol\u00f3gico sobre los g\u00e9rmenes antes que ellos invadan el cuerpo, provey\u00e9ndonos de una ventaja sobre los invasores.<\/h3>\n<div class=\"row \"><div class=\"wpv-grid grid-1-6  wpv-first-level first unextended\" style=\"padding-top:0px;padding-bottom:0px\" id=\"wpv-column-76c4b209dc68c92eb0e907e24bcee9d1\" ><div class=\"services clearfix smallimage no-image has-icon has-button \" style=\"text-align:center;\">\n\t<div class=\"services-inside\">\n\t\t\t\t\t\t\t\t\t<div class=\"shrinking-outer clearfix\">\n\t\t\t\t\t<div class=\"shrinking\" style=\"background:#ffffff no-repeat 50% 50%;\">\n\t\t\t\t\t\t\t\t\t\t\t\t\t<a href=\"\/\" title=\"\">\n\t\t\t\t\t\t\t\t\t\t\t\t\t\t\t\t\t\t\t<span class='icon shortcode  ' style='color:#4fa985;'>&#58030;<\/span>\t\t\t\t\t\t\t\t\t\t\t\t\t\t\t\t\t\t\t<\/a>\n\t\t\t\t\t\t\t\t\t\t\t<\/div>\n\t\t\t\t<\/div>\n\t\t\t\t\t\t\t\t\t\t<h3 class=\"services-title\">\n\t\t\t\t\t\t\t\t\t<a href=\"\/\" title=\"REFUERZA\">REFUERZA<\/a>\n\t\t\t\t\t\t\t<\/h3>\n\t\t\t\t\t\t\t<div class=\"services-content\">\nLa respuesta inmune.<\/div>\n\t\t\t\t\t<\/div>\n<\/div>\n<\/div>\n<div class=\"wpv-grid grid-1-6  wpv-first-level unextended\" style=\"padding-top:0px;padding-bottom:0px\" id=\"wpv-column-45f06f13738791780a357676023e93b2\" ><div class=\"services clearfix smallimage no-image has-icon has-button \" style=\"text-align:center;\">\n\t<div class=\"services-inside\">\n\t\t\t\t\t\t\t\t\t<div class=\"shrinking-outer clearfix\">\n\t\t\t\t\t<div class=\"shrinking\" style=\"background:#ffffff no-repeat 50% 50%;\">\n\t\t\t\t\t\t\t\t\t\t\t\t\t<a href=\"\/\" title=\"\">\n\t\t\t\t\t\t\t\t\t\t\t\t\t\t\t\t\t\t\t<span class='icon shortcode  ' style='color:#4fa985;'>&#57678;<\/span>\t\t\t\t\t\t\t\t\t\t\t\t\t\t\t\t\t\t\t<\/a>\n\t\t\t\t\t\t\t\t\t\t\t<\/div>\n\t\t\t\t<\/div>\n\t\t\t\t\t\t\t\t\t\t<h3 class=\"services-title\">\n\t\t\t\t\t\t\t\t\t<a href=\"\/\" title=\"MEJORA\">MEJORA<\/a>\n\t\t\t\t\t\t\t<\/h3>\n\t\t\t\t\t\t\t<div class=\"services-content\">\nLa respuesta a los tratamientos.<\/div>\n\t\t\t\t\t<\/div>\n<\/div>\n<\/div>\n<div class=\"wpv-grid grid-1-6  wpv-first-level unextended\" style=\"padding-top:0px;padding-bottom:0px\" id=\"wpv-column-7748f0c6b7465a904b1dc44b67fe5dc0\" ><div class=\"services clearfix smallimage no-image has-icon has-button \" style=\"text-align:center;\">\n\t<div class=\"services-inside\">\n\t\t\t\t\t\t\t\t\t<div class=\"shrinking-outer clearfix\">\n\t\t\t\t\t<div class=\"shrinking\" style=\"background:#ffffff no-repeat 50% 50%;\">\n\t\t\t\t\t\t\t\t\t\t\t\t\t<a href=\"\/\" title=\"\">\n\t\t\t\t\t\t\t\t\t\t\t\t\t\t\t\t\t\t\t<span class='icon shortcode  ' style='color:#4fa985;'>&#58036;<\/span>\t\t\t\t\t\t\t\t\t\t\t\t\t\t\t\t\t\t\t<\/a>\n\t\t\t\t\t\t\t\t\t\t\t<\/div>\n\t\t\t\t<\/div>\n\t\t\t\t\t\t\t\t\t\t<h3 class=\"services-title\">\n\t\t\t\t\t\t\t\t\t<a href=\"\/\" title=\"REDUCE\">REDUCE<\/a>\n\t\t\t\t\t\t\t<\/h3>\n\t\t\t\t\t\t\t<div class=\"services-content\">\nEl tiempo de los tratamientos.<\/div>\n\t\t\t\t\t<\/div>\n<\/div>\n<\/div>\n<div class=\"wpv-grid grid-1-6  wpv-first-level unextended\" style=\"padding-top:0px;padding-bottom:0px\" id=\"wpv-column-6d426aaf54b0805386e5230e1af0ca0f\" ><div class=\"services clearfix smallimage no-image has-icon has-button \" style=\"text-align:center;\">\n\t<div class=\"services-inside\">\n\t\t\t\t\t\t\t\t\t<div class=\"shrinking-outer clearfix\">\n\t\t\t\t\t<div class=\"shrinking\" style=\"background:#ffffff no-repeat 50% 50%;\">\n\t\t\t\t\t\t\t\t\t\t\t\t\t<a href=\"\/\" title=\"\">\n\t\t\t\t\t\t\t\t\t\t\t\t\t\t\t\t\t\t\t<span class='icon shortcode  ' style='color:#4fa985;'>&#57874;<\/span>\t\t\t\t\t\t\t\t\t\t\t\t\t\t\t\t\t\t\t<\/a>\n\t\t\t\t\t\t\t\t\t\t\t<\/div>\n\t\t\t\t<\/div>\n\t\t\t\t\t\t\t\t\t\t<h3 class=\"services-title\">\n\t\t\t\t\t\t\t\t\t<a href=\"\/\" title=\"MEJORA\">MEJORA<\/a>\n\t\t\t\t\t\t\t<\/h3>\n\t\t\t\t\t\t\t<div class=\"services-content\">\nLa calidad de vida de los pacientes.<\/div>\n\t\t\t\t\t<\/div>\n<\/div>\n<\/div>\n<div class=\"wpv-grid grid-1-6  wpv-first-level unextended\" style=\"padding-top:0px;padding-bottom:0px\" id=\"wpv-column-0f4259ada93e39b6cdc097533b2fa978\" ><div class=\"services clearfix smallimage no-image has-icon has-button \" style=\"text-align:center;\">\n\t<div class=\"services-inside\">\n\t\t\t\t\t\t\t\t\t<div class=\"shrinking-outer clearfix\">\n\t\t\t\t\t<div class=\"shrinking\" style=\"background:#ffffff no-repeat 50% 50%;\">\n\t\t\t\t\t\t\t\t\t\t\t\t\t<a href=\"\/\" title=\"\">\n\t\t\t\t\t\t\t\t\t\t\t\t\t\t\t\t\t\t\t<span class='icon shortcode  ' style='color:#4fa985;'>&#57485;<\/span>\t\t\t\t\t\t\t\t\t\t\t\t\t\t\t\t\t\t\t<\/a>\n\t\t\t\t\t\t\t\t\t\t\t<\/div>\n\t\t\t\t<\/div>\n\t\t\t\t\t\t\t\t\t\t<h3 class=\"services-title\">\n\t\t\t\t\t\t\t\t\t<a href=\"\/\" title=\"REDUCE\">REDUCE<\/a>\n\t\t\t\t\t\t\t<\/h3>\n\t\t\t\t\t\t\t<div class=\"services-content\">\nEl costo del tratamiento .<\/div>\n\t\t\t\t\t<\/div>\n<\/div>\n<\/div>\n<div class=\"wpv-grid grid-1-6  wpv-first-level unextended\" style=\"padding-top:0px;padding-bottom:0px\" id=\"wpv-column-96d7c5462da4ffc2c38a5962319667f0\" ><div class=\"services clearfix smallimage no-image has-icon has-button \" style=\"text-align:center;\">\n\t<div class=\"services-inside\">\n\t\t\t\t\t\t\t\t\t<div class=\"shrinking-outer clearfix\">\n\t\t\t\t\t<div class=\"shrinking\" style=\"background:#ffffff no-repeat 50% 50%;\">\n\t\t\t\t\t\t\t\t\t\t\t\t\t<a href=\"\/\" title=\"\">\n\t\t\t\t\t\t\t\t\t\t\t\t\t\t\t\t\t\t\t<span class='icon shortcode  ' style='color:#4fa985;'>&#57657;<\/span>\t\t\t\t\t\t\t\t\t\t\t\t\t\t\t\t\t\t\t<\/a>\n\t\t\t\t\t\t\t\t\t\t\t<\/div>\n\t\t\t\t<\/div>\n\t\t\t\t\t\t\t\t\t\t<h3 class=\"services-title\">\n\t\t\t\t\t\t\t\t\t<a href=\"\/\" title=\"SEGURO\">SEGURO<\/a>\n\t\t\t\t\t\t\t<\/h3>\n\t\t\t\t\t\t\t<div class=\"services-content\">\nLibre de efectos secundarios e interacciones.<\/div>\n\t\t\t\t\t<\/div>\n<\/div>\n<\/div><\/div>\n<div class=\"row \"><div class=\"wpv-grid grid-1-1  wpv-first-level first unextended\" style=\"padding-top:0px;padding-bottom:0px\" id=\"wpv-column-ce0408166d08630586eacc82bc50d66e\" >\t\t<div class=\"sep-text single centered\">\n\t\t\t\t\t\t\t<span class=\"sep-text-before\"><div class=\"sep-text-line\"><\/div><\/span>\n\t\t\t\t\t\t<div class=\"content\">\n\t\t\t\t<h2 class=\"text-divider-double\">Quienes lo han usado nos recomiendan<\/h2>\t\t\t<\/div>\n\t\t\t<span class=\"sep-text-after\"><div class=\"sep-text-line\"><\/div><\/span>\n\t\t\t\t\t<\/div>\n\t\t<div class=\"bxslider-wrapper\">\n\t\t<ul class=\"bxslider-container\" id=\"3c2d67722739f965decf522310e00e6c\">\n\t\t\t\t\t\t\t<li>\n\t\t\t\t\t\t\t\t\t\t\t<blockquote class='clearfix small simple'><div class='quote-text'><div class=\"quote-content\">Me enfermaba de gripa muy seguido, m\u00ednimo 4 veces al a\u00f1o, us\u00e9 Rotcaf y mis defensas mejoraron. \u00a1Adi\u00f3s a esas gripas!<div class=\"only-title\"><strong class='quote-title'><span class='the-title'>Gerardo Parra<\/span><\/strong><\/div><\/div><\/div><\/blockquote>\t\t\t\t\t\t\t\t\t<\/li>\n\t\t\t\t\t\t\t<li>\n\t\t\t\t\t\t\t\t\t\t\t<blockquote class='clearfix small simple'><div class='quote-text'><div class=\"quote-content\">\u00a1Con Rotcaf adi\u00f3s a las gripas de los ni\u00f1os! F\u00e1cil de usar y muy efectivo.<div class=\"only-title\"><strong class='quote-title'><span class='the-title'>Aurora Cort\u00e9s<\/span><\/strong><\/div><\/div><\/div><\/blockquote>\t\t\t\t\t\t\t\t\t<\/li>\n\t\t\t\t\t<\/ul>\n\t\t<script>\n\t\t\tjQuery(function($) {\n\t\t\t\tvar el = $('#3c2d67722739f965decf522310e00e6c');\n\t\t\t\tel.data('bxslider', el.bxSlider({\n\t\t\t\t\tpager: true,\n\t\t\t\t\tcontrols: false,\n\t\t\t\t\tauto: true,\n\t\t\t\t\tadaptiveHeight: true,\n\t\t\t\t\tpause: 7000,\n\t\t\t\t\tautoHover: true,\n\t\t\t\t\tadaptiveHeight: false\t\t\t\t}));\n\t\t\t});\n\t\t<\/script>\n\t<\/div>\n\n<\/div><\/div>\n\n<div  data-href=\"http:\/\/rotcaf.com.mx\/index.php\/contacto\/\" tabindex=\"1\" data-target=\"_self\" class=\"linkarea clearfix accent7  background-accent7\">\n\t\t\t<div class=\"first\"><span class='icon shortcode  ' style='font-size:62px !important;color:#4fa985;'>&#57472;<\/span><\/div>\n\t\t\t\t<div class=\"last\"><h3 style=\"text-align: center;\">Compra Rotcaf AP ahora.<\/h3><\/div>\n\t<\/div>\n","protected":false},"excerpt":{"rendered":"<p>\u00a1Con Rotcaf adi\u00f3s a las gripas de los ni\u00f1os! F\u00e1cil de usar y muy efectivo.<\/p>\n","protected":false},"author":1,"featured_media":0,"parent":0,"menu_order":0,"comment_status":"closed","ping_status":"closed","template":"","meta":{"om_disable_all_campaigns":false,"_monsterinsights_skip_tracking":false,"_monsterinsights_sitenote_active":false,"_monsterinsights_sitenote_note":"","_monsterinsights_sitenote_category":0,"_joinchat":[]},"aioseo_notices":[],"_links":{"self":[{"href":"https:\/\/rotcaf.com.mx\/index.php\/wp-json\/wp\/v2\/pages\/8023"}],"collection":[{"href":"https:\/\/rotcaf.com.mx\/index.php\/wp-json\/wp\/v2\/pages"}],"about":[{"href":"https:\/\/rotcaf.com.mx\/index.php\/wp-json\/wp\/v2\/types\/page"}],"author":[{"embeddable":true,"href":"https:\/\/rotcaf.com.mx\/index.php\/wp-json\/wp\/v2\/users\/1"}],"replies":[{"embeddable":true,"href":"https:\/\/rotcaf.com.mx\/index.php\/wp-json\/wp\/v2\/comments?post=8023"}],"version-history":[{"count":17,"href":"https:\/\/rotcaf.com.mx\/index.php\/wp-json\/wp\/v2\/pages\/8023\/revisions"}],"predecessor-version":[{"id":8163,"href":"https:\/\/rotcaf.com.mx\/index.php\/wp-json\/wp\/v2\/pages\/8023\/revisions\/8163"}],"wp:attachment":[{"href":"https:\/\/rotcaf.com.mx\/index.php\/wp-json\/wp\/v2\/media?parent=8023"}],"curies":[{"name":"wp","href":"https:\/\/api.w.org\/{rel}","templated":true}]}}